{"id":3,"date":"2024-11-01T11:04:33","date_gmt":"2024-11-01T10:04:33","guid":{"rendered":"http:\/\/psychologue-hypnose-landes.fr\/?page_id=3"},"modified":"2024-11-09T08:48:27","modified_gmt":"2024-11-09T07:48:27","slug":"mentions-legales","status":"publish","type":"page","link":"https:\/\/psychologue-hypnose-landes.fr\/index.php\/mentions-legales\/","title":{"rendered":"Mentions l\u00e9gales"},"content":{"rendered":"\n<p class=\"has-large-font-size\"><strong>Mentions l\u00e9gales<\/strong><\/p>\n\n\n\n<p>Ce site est \u00e9dit\u00e9 par PHILIPPE THOREL\u00a0dont le si\u00e8ge social est sis BOULEVARD SOULT \u2013 75012 Paris.<\/p>\n\n\n\n<p>SIRET : 52212827100023<\/p>\n\n\n\n<p>T\u00e9l\u00e9phone\u00a0: 09 53 61 49 58<br>Adresse de courrier \u00e9lectronique\u00a0:\u00a0<a href=\"mailto:contact@psychologue-hypnose-landes.fr\">contact@psychologue-hypnose-landes.fr<\/a><br>Directeur de la publication\u00a0: Philippe Thorel<br>Responsable du site\u00a0: Philippe Thorel<br><\/p>\n\n\n\n<p>Ce site est h\u00e9berg\u00e9 par OVH Si\u00e8ge social :\u00a0<strong>2 rue Kellermann &#8211; 59100 Roubaix &#8211; France<\/strong>. OVH SAS est une filiale de la soci\u00e9t\u00e9 OVH Groupe SA, soci\u00e9t\u00e9 immatricul\u00e9e au RCS de Lille sous le num\u00e9ro 537 407 926 sise 2, rue Kellermann, 59100 Roubaix.<\/p>\n\n\n\n<h3 class=\"wp-block-heading\">Conditions g\u00e9n\u00e9rales d&rsquo;utilisation<\/h3>\n\n\n\n<hr class=\"wp-block-separator has-alpha-channel-opacity\"\/>\n\n\n\n<h4 class=\"wp-block-heading\">Art. 1 Conditions d\u2019utilisation<\/h4>\n\n\n\n<p>Toute personne qui acc\u00e8de au site&nbsp;<a href=\"http:\/\/www.coach-hypnose-paris.fr\/\" target=\"_blank\" rel=\"noreferrer noopener\">http:\/\/www.psychologue-hypnose.fr<\/a>&nbsp;(ci-apr\u00e8s le \u00ab&nbsp;Site&nbsp;\u00bb) s\u2019engage \u00e0 respecter les pr\u00e9sentes conditions g\u00e9n\u00e9rales d\u2019utilisation, qui pourront pour certains services \u00eatre compl\u00e9t\u00e9es par des conditions particuli\u00e8res.<\/p>\n\n\n\n<p>PHILIPPE THOREL se r\u00e9serve le droit de modifier et de mettre \u00e0 jour \u00e0 tout moment l\u2019acc\u00e8s au Site ainsi que les pr\u00e9sentes conditions d\u2019utilisation. Ces modifications et mises \u00e0 jour s\u2019imposent \u00e0 l\u2019utilisateur qui doit en cons\u00e9quence se r\u00e9f\u00e9rer r\u00e9guli\u00e8rement \u00e0 cette rubrique pour v\u00e9rifier les Conditions G\u00e9n\u00e9rales en vigueur.<\/p>\n\n\n\n<h4 class=\"wp-block-heading\">Art. 2 Donn\u00e9es personnelles et autres donn\u00e9es<\/h4>\n\n\n\n<p>2.1 Les donn\u00e9es sont exclusivement destin\u00e9es \u00e0 PHILIPPE THOREL, \u00e0 ses filiales ou aux membres de son r\u00e9seau commercial \u00e0 des fins d\u2019enqu\u00eates, d\u2019analyses, de communications institutionnelles, d\u2019op\u00e9rations relatives \u00e0 la gestion clients ou, si vous en \u00eates d\u2019accord, de propositions commerciales. Ces informations sont confidentielles et conserv\u00e9es par PHILIPPE THOREL, ses filiales et les membres de son r\u00e9seau commercial. Conform\u00e9ment \u00e0 la loi \u00ab Informatique et Libert\u00e9s \u00bb du 06\/01\/78, vous disposez d\u2019un droit d\u2019acc\u00e8s, de rectification et de suppression de ces donn\u00e9es ainsi que d\u2019un droit de vous opposer \u00e0 ce que ces donn\u00e9es fassent l\u2019objet d\u2019un traitement en nous contactant par courrier \u00e0 l\u2019adresse suivante : BOULEVARD SOULT \u2013 75012 Paris ou par e-mail \u00e0 l\u2019adresse&nbsp;<a href=\"mailto:contact@psychologue-hypnose-landes.fr\">contact@psychologue-hypnose-landes.fr<\/a><\/p>\n\n\n\n<p>Vos demandes devront \u00eatre sign\u00e9es et accompagn\u00e9es de la photocopie d\u2019un titre d\u2019identit\u00e9 portant la signature du titulaire. La demande devra pr\u00e9ciser l\u2019adresse \u00e0 laquelle devra parvenir la r\u00e9ponse.<\/p>\n\n\n\n<p>Dans l\u2019hypoth\u00e8se o\u00f9 vous avez accept\u00e9 dans nos formulaires de recevoir par email des informations et sollicitations commerciales \u00e9manant de notre soci\u00e9t\u00e9 et de son r\u00e9seau de magasins \u00e0 l\u2019enseigne de PHILIPPE THOREL, vous aurez \u00e0 tout moment la facult\u00e9 de revenir sur cette d\u00e9cision, soit en cliquant sur le lien pr\u00e9vu \u00e0 cet effet en bas des mails que vous recevez, soit en envoyant un mail avec pour objet \u00ab&nbsp;d\u00e9sabonnement&nbsp;\u00bb \u00e0 l\u2019adresse suivante&nbsp;:&nbsp;<a href=\"mailto:contact@coach-hypnose-paris.fr\">contact@coach-hypnose-paris.fr<\/a>.<\/p>\n\n\n\n<p>2.2 Conform\u00e9ment \u00e0 l\u2019article 6 de la Loi du 21 juin 2004 pour la confiance en l\u2019\u00e9conomie num\u00e9rique, l\u2019h\u00e9bergeur conservera vos donn\u00e9es de connexion, couvertes par le secret professionnel et trait\u00e9es dans le respect des dispositions l\u00e9gales en mati\u00e8re de donn\u00e9es personnelles.<\/p>\n\n\n\n<h4 class=\"wp-block-heading\">Art. 3 Liens hypertextes<\/h4>\n\n\n\n<p>Si vous souhaitez mettre en place un lien hypertexte vers notre Site, vous devez en cons\u00e9quence prendre contact avec le Responsable du Site. PHILIPPE THOREL ne peut en aucun cas \u00eatre tenue pour responsable du contenu des sites qui font l\u2019objet d\u2019un lien hypertexte \u00e0 partir du pr\u00e9sent Site.<\/p>\n\n\n\n<h4 class=\"wp-block-heading\">Art. 4 Cookies<\/h4>\n\n\n\n<p>Lors de la navigation sur le Site, des cookies sont implant\u00e9s dans votre ordinateur. Un cookie ne nous permet pas de vous identifier : en revanche, il enregistre des informations relatives \u00e0 la navigation de votre ordinateur sur notre Site (les pages que vous avez consult\u00e9es, la date et l\u2019heure de la consultation, etc.) que nous pourrons lire lors de vos visites ult\u00e9rieures. La dur\u00e9e de conservation de ces informations dans votre ordinateur est de six mois.<\/p>\n\n\n\n<p>De plus, le site utilise Google Analytics, un service d\u2019analyse de site Internet fourni par Google Inc. (ci-apr\u00e8s \u00ab&nbsp;Google&nbsp;\u00bb). Google Analytics utilise des&nbsp;cookies<em>&nbsp;<\/em>&nbsp;pour aider PHILIPPE THOREL et l\u2019h\u00e9bergeur \u00e0 analyser l\u2019utilisation du Site par ses utilisateurs. Les donn\u00e9es g\u00e9n\u00e9r\u00e9es par les&nbsp;cookies<em>&nbsp;<\/em>concernant votre utilisation du Site (y compris votre adresse IP) seront transmises et stock\u00e9es par Google sur des serveurs situ\u00e9s aux Etats-Unis. Google utilisera cette information dans le but d\u2019\u00e9valuer votre utilisation du Site, de compiler des rapports sur l\u2019activit\u00e9 du Site \u00e0 destination de PHILIPPE THOREL et de l\u2019h\u00e9bergeur et de fournir d\u2019autres services relatifs \u00e0 l\u2019activit\u00e9 du site et \u00e0 l\u2019utilisation d\u2019Internet. Google est susceptible de communiquer ces donn\u00e9es \u00e0 des tiers en cas d\u2019obligation l\u00e9gale ou lorsque ces tiers traitent ces donn\u00e9es pour le compte de Google, y compris notamment PHILIPPE THOREL, l\u2019\u00e9diteur du&nbsp; Site et \u00e0 l\u2019h\u00e9bergeur. Google ne recoupera pas votre adresse IP avec toute autre donn\u00e9e d\u00e9tenue par Google. En utilisant le Site, vous consentez express\u00e9ment au traitement de vos donn\u00e9es nominatives par Google dans les conditions et pour les finalit\u00e9s d\u00e9crites ci-dessus.<\/p>\n\n\n\n<p>Nous vous informons que vous pouvez vous opposer \u00e0 l\u2019enregistrement de cookies en configurant votre navigateur de la mani\u00e8re suivante :<\/p>\n\n\n\n<h4 class=\"wp-block-heading\">Pour Microsoft Internet Explorer 7.0 et suivant:<\/h4>\n\n\n\n<ol class=\"wp-block-list\">\n<li>Dans la barre de menu, choisir le menu&nbsp;<strong>outils<\/strong>;<\/li>\n\n\n\n<li>Dans le menu d\u00e9roulant, choisir&nbsp;<strong>options internet<\/strong>;<\/li>\n\n\n\n<li>Cliquer sur l\u2019onglet&nbsp;<strong>confidentialit\u00e9<\/strong>;<\/li>\n\n\n\n<li>Cliquer sur le bouton&nbsp;<strong>avanc\u00e9<\/strong>&nbsp;de la section param\u00e8tres;<\/li>\n\n\n\n<li>Dans la fen\u00eatre&nbsp;<em>param\u00e8tres de confidentialit\u00e9 avanc\u00e9s<\/em>&nbsp;v\u00e9rifier que l\u2019option&nbsp;<strong>ignorer la gestion automatique des cookies<\/strong>&nbsp;n\u2019est pas coch\u00e9e.<\/li>\n<\/ol>\n\n\n\n<h5 class=\"wp-block-heading\">Pour Firefox \u00e0 partir de la version 12 :<\/h5>\n\n\n\n<ol class=\"wp-block-list\">\n<li>Dans la barre de menu, choisir le menu&nbsp;<strong>outils;<\/strong><\/li>\n\n\n\n<li>Dans le menu d\u00e9roulant, choisir&nbsp;<strong>options;<\/strong><\/li>\n\n\n\n<li>Cliquer sur l\u2019icone&nbsp;<strong>vie priv\u00e9e;<\/strong><\/li>\n\n\n\n<li>Cliquer sur le lien&nbsp;<strong>supprimer des cookies sp\u00e9cifiques<\/strong>;<\/li>\n\n\n\n<li>Dans la fen\u00eatre&nbsp;<strong>Cookies<\/strong>, cliquer sur le bouton&nbsp;<strong>Supprimer tous les cookies<\/strong>.<\/li>\n<\/ol>\n\n\n\n<h5 class=\"wp-block-heading\">Pour Op\u00e9ra \u00e0 partir de la version 11&nbsp;:<\/h5>\n\n\n\n<ol class=\"wp-block-list\">\n<li>Choisissez le&nbsp;<strong>menu<\/strong>;<\/li>\n\n\n\n<li>Dans la liste, choisir&nbsp;<strong>r\u00e9glages<\/strong>&nbsp;puis&nbsp;<strong>supprimer les informations priv\u00e9es\u2026<\/strong>;<\/li>\n\n\n\n<li>Cliquer sur le bouton&nbsp;<strong>supprimer<\/strong>.<\/li>\n<\/ol>\n\n\n\n<h5 class=\"wp-block-heading\">Pour Google Chrome&nbsp;:<\/h5>\n\n\n\n<ol class=\"wp-block-list\">\n<li>Cliquer sur l\u2019icone&nbsp;<strong>Personnaliser et configurer Google Chrome<\/strong>;<\/li>\n\n\n\n<li>Choisir dans la liste&nbsp;<strong>Param\u00e8tres;<\/strong><\/li>\n\n\n\n<li>Cliquer sur&nbsp;<strong>Afficher les param\u00e8tres avanc\u00e9s\u2026;<\/strong><\/li>\n\n\n\n<li>Cliquer sur le bouton&nbsp;<strong>Param\u00e8tres de contenu<\/strong><strong>;<\/strong><\/li>\n\n\n\n<li>Cliquer sur le bouton&nbsp;<strong>Cookies et donn\u00e9es de site\u2026<\/strong>;<\/li>\n\n\n\n<li>Cliquer sur le bouton&nbsp;<strong>Tout supprimer.<\/strong><\/li>\n<\/ol>\n\n\n\n<p>Nous vous informons n\u00e9anmoins que l\u2019acc\u00e8s \u00e0 certains services et rubriques du Site pourra \u00eatre alt\u00e9r\u00e9 voire impossible du fait de la suppression des cookies.<\/p>\n\n\n\n<h4 class=\"wp-block-heading\">Art. 5 Contenu du Site<\/h4>\n\n\n\n<p>PHILIPPE THOREL, l\u2019h\u00e9bergeur et, plus g\u00e9n\u00e9ralement, toute soci\u00e9t\u00e9 contribuant \u00e0 la conception, \u00e0 la r\u00e9alisation et \u00e0 la mise en ligne de ce Site s\u2019efforcent d\u2019assurer l\u2019exactitude et la mise \u00e0 jour r\u00e9guli\u00e8re des informations diffus\u00e9es sur ce Site. PHILIPPE THOREL et les prestataires pr\u00e9cit\u00e9s se r\u00e9servent le droit de corriger et modifier \u00e0 tout moment le contenu du Site sans que leur responsabilit\u00e9 puisse \u00eatre engag\u00e9e de ce fait, PHILIPPE THOREL pouvant apporter \u00e0 tout moment des am\u00e9liorations et\/ou changements au(x) produit(s) d\u00e9crits sur ce Site.<\/p>\n\n\n\n<p>Les prix ou tarifs mentionn\u00e9s dans nos pages sont des \u00ab&nbsp;prix maximum conseill\u00e9s&nbsp;\u00bb \u00e0 la date de la derni\u00e8re mise \u00e0 jour du Site. Ces prix peuvent conna\u00eetre des variations selon les d\u00e9taillants. Par ailleurs, ces prix maximum conseill\u00e9s sont susceptibles d\u2019\u00e9voluer p\u00e9riodiquement ou \u00e0 l\u2019occasion de l\u2019\u00e9volution des collections de PHILIPPE THOREL.<\/p>\n\n\n\n<h4 class=\"wp-block-heading\">Art. 6 Contenu manifestement illicite<\/h4>\n\n\n\n<p>Conform\u00e9ment \u00e0 la loi du 21 juin 2004 pour la confiance dans l\u2019\u00e9conomie, vous pouvez alerter l\u2019h\u00e9bergeur de la pr\u00e9sence d\u2019un contenu que vous consid\u00e9rez comme illicite en envoyant un email \u00e0 <a href=\"mailto:contact@psychologue-hypnose-landes.fr\">contact@psychologue-hypnose-landes.fr<\/a> L\u2019h\u00e9bergeur appr\u00e9ciera le caract\u00e8re illicite des contenus portes \u00e0 sa connaissance.<\/p>\n\n\n\n<p>Le fait, pour toute personne, de pr\u00e9senter un contenu ou une activit\u00e9 comme \u00e9tant illicite dans le but d\u2019en obtenir le retrait ou d\u2019en faire cesser la diffusion, alors qu\u2019elle sait cette information inexacte, est puni d\u2019un an d\u2019emprisonnement et de 15.000 euros d\u2019amende.<\/p>\n\n\n\n<h4 class=\"wp-block-heading\">Art. 7 Droit applicable<\/h4>\n\n\n\n<p>Les pr\u00e9sentes Conditions G\u00e9n\u00e9rales d\u2019utilisation sont soumises au droit interne fran\u00e7ais.<\/p>\n\n\n\n<p><a href=\"https:\/\/psychologue-hypnose-landes.fr\">Retour site<\/a><\/p>\n\n\n\n<p><\/p>\n","protected":false},"excerpt":{"rendered":"<p>Mentions l\u00e9gales Ce site est \u00e9dit\u00e9 par PHILIPPE THOREL\u00a0dont le si\u00e8ge social est sis BOULEVARD SOULT \u2013 75012 Paris. SIRET : 52212827100023 T\u00e9l\u00e9phone\u00a0: 09 53 61 49 58Adresse de courrier \u00e9lectronique\u00a0:\u00a0contact@psychologue-hypnose-landes.frDirecteur de la publication\u00a0: Philippe ThorelResponsable du site\u00a0: Philippe Thorel Ce site est h\u00e9berg\u00e9 par OVH Si\u00e8ge social :\u00a02 rue Kellermann &#8211; 59100 Roubaix &#8211;&hellip;&nbsp;<a href=\"https:\/\/psychologue-hypnose-landes.fr\/index.php\/mentions-legales\/\" rel=\"bookmark\">Lire la suite &raquo;<span class=\"screen-reader-text\">Mentions l\u00e9gales<\/span><\/a><\/p>\n","protected":false},"author":1,"featured_media":0,"parent":0,"menu_order":0,"comment_status":"closed","ping_status":"closed","template":"","meta":{"neve_meta_sidebar":"","neve_meta_container":"","neve_meta_enable_content_width":"","neve_meta_content_width":0,"neve_meta_title_alignment":"","neve_meta_author_avatar":"","neve_post_elements_order":"","neve_meta_disable_header":"","neve_meta_disable_footer":"","neve_meta_disable_title":"","footnotes":""},"class_list":["post-3","page","type-page","status-publish","hentry"],"yoast_head":"<!-- This site is optimized with the Yoast SEO plugin v27.0 - https:\/\/yoast.com\/product\/yoast-seo-wordpress\/ -->\n<title>Mentions l\u00e9gales - Cabinet de psychologie \u00e0 Angresse<\/title>\n<meta name=\"description\" content=\"Mentions l\u00e9gales du site de Philippe Thorel, Psychologue et Hypnoth\u00e9rapeute \u00e0 Angresse. Docteur en Psychologie et praticien en Hypnose, PNL, EMDR, TCC et EFT.\" \/>\n<meta name=\"robots\" content=\"index, follow, max-snippet:-1, max-image-preview:large, max-video-preview:-1\" \/>\n<link rel=\"canonical\" href=\"https:\/\/psychologue-hypnose-landes.fr\/index.php\/mentions-legales\/\" \/>\n<meta property=\"og:locale\" content=\"fr_FR\" \/>\n<meta property=\"og:type\" content=\"article\" \/>\n<meta property=\"og:title\" content=\"Mentions l\u00e9gales - Cabinet de psychologie \u00e0 Angresse\" \/>\n<meta property=\"og:description\" content=\"Mentions l\u00e9gales du site de Philippe Thorel, Psychologue et Hypnoth\u00e9rapeute \u00e0 Angresse. Docteur en Psychologie et praticien en Hypnose, PNL, EMDR, TCC et EFT.\" \/>\n<meta property=\"og:url\" content=\"https:\/\/psychologue-hypnose-landes.fr\/index.php\/mentions-legales\/\" \/>\n<meta property=\"og:site_name\" content=\"Cabinet de psychologie \u00e0 Angresse\" \/>\n<meta property=\"article:modified_time\" content=\"2024-11-09T07:48:27+00:00\" \/>\n<meta property=\"og:image\" content=\"https:\/\/psychologue-hypnose-landes.fr\/wp-content\/uploads\/2024\/11\/Visuel-landing-page.png\" \/>\n\t<meta property=\"og:image:width\" content=\"1024\" \/>\n\t<meta property=\"og:image:height\" content=\"1024\" \/>\n\t<meta property=\"og:image:type\" content=\"image\/png\" \/>\n<meta name=\"twitter:card\" content=\"summary_large_image\" \/>\n<meta name=\"twitter:label1\" content=\"Dur\u00e9e de lecture estim\u00e9e\" \/>\n\t<meta name=\"twitter:data1\" content=\"7 minutes\" \/>\n<script type=\"application\/ld+json\" class=\"yoast-schema-graph\">{\"@context\":\"https:\/\/schema.org\",\"@graph\":[{\"@type\":\"WebPage\",\"@id\":\"https:\/\/psychologue-hypnose-landes.fr\/index.php\/mentions-legales\/\",\"url\":\"https:\/\/psychologue-hypnose-landes.fr\/index.php\/mentions-legales\/\",\"name\":\"Mentions l\u00e9gales - Cabinet de psychologie \u00e0 Angresse\",\"isPartOf\":{\"@id\":\"https:\/\/psychologue-hypnose-landes.fr\/#website\"},\"datePublished\":\"2024-11-01T10:04:33+00:00\",\"dateModified\":\"2024-11-09T07:48:27+00:00\",\"description\":\"Mentions l\u00e9gales du site de Philippe Thorel, Psychologue et Hypnoth\u00e9rapeute \u00e0 Angresse. Docteur en Psychologie et praticien en Hypnose, PNL, EMDR, TCC et EFT.\",\"breadcrumb\":{\"@id\":\"https:\/\/psychologue-hypnose-landes.fr\/index.php\/mentions-legales\/#breadcrumb\"},\"inLanguage\":\"fr-FR\",\"potentialAction\":[{\"@type\":\"ReadAction\",\"target\":[\"https:\/\/psychologue-hypnose-landes.fr\/index.php\/mentions-legales\/\"]}]},{\"@type\":\"BreadcrumbList\",\"@id\":\"https:\/\/psychologue-hypnose-landes.fr\/index.php\/mentions-legales\/#breadcrumb\",\"itemListElement\":[{\"@type\":\"ListItem\",\"position\":1,\"name\":\"Accueil\",\"item\":\"https:\/\/psychologue-hypnose-landes.fr\/\"},{\"@type\":\"ListItem\",\"position\":2,\"name\":\"Mentions l\u00e9gales\"}]},{\"@type\":\"WebSite\",\"@id\":\"https:\/\/psychologue-hypnose-landes.fr\/#website\",\"url\":\"https:\/\/psychologue-hypnose-landes.fr\/\",\"name\":\"Cabinet de psychologie \u00e0 Angresse\",\"description\":\"Philippe Thorel, Psychologue et Hypnoth\u00e9rapeute\",\"publisher\":{\"@id\":\"https:\/\/psychologue-hypnose-landes.fr\/#\/schema\/person\/4153fad99b9e6d0ba8fd6f13daaaa9ac\"},\"alternateName\":\"Philippe Thorel, Psychologue et Hypnoth\u00e9rapeute\",\"potentialAction\":[{\"@type\":\"SearchAction\",\"target\":{\"@type\":\"EntryPoint\",\"urlTemplate\":\"https:\/\/psychologue-hypnose-landes.fr\/?s={search_term_string}\"},\"query-input\":{\"@type\":\"PropertyValueSpecification\",\"valueRequired\":true,\"valueName\":\"search_term_string\"}}],\"inLanguage\":\"fr-FR\"},{\"@type\":[\"Person\",\"Organization\"],\"@id\":\"https:\/\/psychologue-hypnose-landes.fr\/#\/schema\/person\/4153fad99b9e6d0ba8fd6f13daaaa9ac\",\"name\":\"admin4172\",\"image\":{\"@type\":\"ImageObject\",\"inLanguage\":\"fr-FR\",\"@id\":\"https:\/\/psychologue-hypnose-landes.fr\/#\/schema\/person\/image\/\",\"url\":\"https:\/\/psychologue-hypnose-landes.fr\/wp-content\/uploads\/2024\/11\/P.Thorel2.jpg\",\"contentUrl\":\"https:\/\/psychologue-hypnose-landes.fr\/wp-content\/uploads\/2024\/11\/P.Thorel2.jpg\",\"width\":562,\"height\":509,\"caption\":\"admin4172\"},\"logo\":{\"@id\":\"https:\/\/psychologue-hypnose-landes.fr\/#\/schema\/person\/image\/\"},\"sameAs\":[\"http:\/\/psychologue-hypnose-landes.fr\",\"https:\/\/www.linkedin.com\/in\/philippethorel\/\"]}]}<\/script>\n<!-- \/ Yoast SEO plugin. -->","yoast_head_json":{"title":"Mentions l\u00e9gales - Cabinet de psychologie \u00e0 Angresse","description":"Mentions l\u00e9gales du site de Philippe Thorel, Psychologue et Hypnoth\u00e9rapeute \u00e0 Angresse. Docteur en Psychologie et praticien en Hypnose, PNL, EMDR, TCC et EFT.","robots":{"index":"index","follow":"follow","max-snippet":"max-snippet:-1","max-image-preview":"max-image-preview:large","max-video-preview":"max-video-preview:-1"},"canonical":"https:\/\/psychologue-hypnose-landes.fr\/index.php\/mentions-legales\/","og_locale":"fr_FR","og_type":"article","og_title":"Mentions l\u00e9gales - Cabinet de psychologie \u00e0 Angresse","og_description":"Mentions l\u00e9gales du site de Philippe Thorel, Psychologue et Hypnoth\u00e9rapeute \u00e0 Angresse. Docteur en Psychologie et praticien en Hypnose, PNL, EMDR, TCC et EFT.","og_url":"https:\/\/psychologue-hypnose-landes.fr\/index.php\/mentions-legales\/","og_site_name":"Cabinet de psychologie \u00e0 Angresse","article_modified_time":"2024-11-09T07:48:27+00:00","og_image":[{"width":1024,"height":1024,"url":"https:\/\/psychologue-hypnose-landes.fr\/wp-content\/uploads\/2024\/11\/Visuel-landing-page.png","type":"image\/png"}],"twitter_card":"summary_large_image","twitter_misc":{"Dur\u00e9e de lecture estim\u00e9e":"7 minutes"},"schema":{"@context":"https:\/\/schema.org","@graph":[{"@type":"WebPage","@id":"https:\/\/psychologue-hypnose-landes.fr\/index.php\/mentions-legales\/","url":"https:\/\/psychologue-hypnose-landes.fr\/index.php\/mentions-legales\/","name":"Mentions l\u00e9gales - Cabinet de psychologie \u00e0 Angresse","isPartOf":{"@id":"https:\/\/psychologue-hypnose-landes.fr\/#website"},"datePublished":"2024-11-01T10:04:33+00:00","dateModified":"2024-11-09T07:48:27+00:00","description":"Mentions l\u00e9gales du site de Philippe Thorel, Psychologue et Hypnoth\u00e9rapeute \u00e0 Angresse. Docteur en Psychologie et praticien en Hypnose, PNL, EMDR, TCC et EFT.","breadcrumb":{"@id":"https:\/\/psychologue-hypnose-landes.fr\/index.php\/mentions-legales\/#breadcrumb"},"inLanguage":"fr-FR","potentialAction":[{"@type":"ReadAction","target":["https:\/\/psychologue-hypnose-landes.fr\/index.php\/mentions-legales\/"]}]},{"@type":"BreadcrumbList","@id":"https:\/\/psychologue-hypnose-landes.fr\/index.php\/mentions-legales\/#breadcrumb","itemListElement":[{"@type":"ListItem","position":1,"name":"Accueil","item":"https:\/\/psychologue-hypnose-landes.fr\/"},{"@type":"ListItem","position":2,"name":"Mentions l\u00e9gales"}]},{"@type":"WebSite","@id":"https:\/\/psychologue-hypnose-landes.fr\/#website","url":"https:\/\/psychologue-hypnose-landes.fr\/","name":"Cabinet de psychologie \u00e0 Angresse","description":"Philippe Thorel, Psychologue et Hypnoth\u00e9rapeute","publisher":{"@id":"https:\/\/psychologue-hypnose-landes.fr\/#\/schema\/person\/4153fad99b9e6d0ba8fd6f13daaaa9ac"},"alternateName":"Philippe Thorel, Psychologue et Hypnoth\u00e9rapeute","potentialAction":[{"@type":"SearchAction","target":{"@type":"EntryPoint","urlTemplate":"https:\/\/psychologue-hypnose-landes.fr\/?s={search_term_string}"},"query-input":{"@type":"PropertyValueSpecification","valueRequired":true,"valueName":"search_term_string"}}],"inLanguage":"fr-FR"},{"@type":["Person","Organization"],"@id":"https:\/\/psychologue-hypnose-landes.fr\/#\/schema\/person\/4153fad99b9e6d0ba8fd6f13daaaa9ac","name":"admin4172","image":{"@type":"ImageObject","inLanguage":"fr-FR","@id":"https:\/\/psychologue-hypnose-landes.fr\/#\/schema\/person\/image\/","url":"https:\/\/psychologue-hypnose-landes.fr\/wp-content\/uploads\/2024\/11\/P.Thorel2.jpg","contentUrl":"https:\/\/psychologue-hypnose-landes.fr\/wp-content\/uploads\/2024\/11\/P.Thorel2.jpg","width":562,"height":509,"caption":"admin4172"},"logo":{"@id":"https:\/\/psychologue-hypnose-landes.fr\/#\/schema\/person\/image\/"},"sameAs":["http:\/\/psychologue-hypnose-landes.fr","https:\/\/www.linkedin.com\/in\/philippethorel\/"]}]}},"_links":{"self":[{"href":"https:\/\/psychologue-hypnose-landes.fr\/index.php\/wp-json\/wp\/v2\/pages\/3","targetHints":{"allow":["GET"]}}],"collection":[{"href":"https:\/\/psychologue-hypnose-landes.fr\/index.php\/wp-json\/wp\/v2\/pages"}],"about":[{"href":"https:\/\/psychologue-hypnose-landes.fr\/index.php\/wp-json\/wp\/v2\/types\/page"}],"author":[{"embeddable":true,"href":"https:\/\/psychologue-hypnose-landes.fr\/index.php\/wp-json\/wp\/v2\/users\/1"}],"replies":[{"embeddable":true,"href":"https:\/\/psychologue-hypnose-landes.fr\/index.php\/wp-json\/wp\/v2\/comments?post=3"}],"version-history":[{"count":5,"href":"https:\/\/psychologue-hypnose-landes.fr\/index.php\/wp-json\/wp\/v2\/pages\/3\/revisions"}],"predecessor-version":[{"id":300,"href":"https:\/\/psychologue-hypnose-landes.fr\/index.php\/wp-json\/wp\/v2\/pages\/3\/revisions\/300"}],"wp:attachment":[{"href":"https:\/\/psychologue-hypnose-landes.fr\/index.php\/wp-json\/wp\/v2\/media?parent=3"}],"curies":[{"name":"wp","href":"https:\/\/api.w.org\/{rel}","templated":true}]}}